{"id":20,"date":"2020-08-17T15:10:12","date_gmt":"2020-08-17T15:10:12","guid":{"rendered":"https:\/\/kita-rubensstrasse.de\/?page_id=20"},"modified":"2025-10-22T08:26:44","modified_gmt":"2025-10-22T08:26:44","slug":"kontakt","status":"publish","type":"page","link":"https:\/\/kita-rubensstrasse.de\/?page_id=20","title":{"rendered":"Kontakt"},"content":{"rendered":"\n<p><strong>Tr\u00e4ger der Einrichtung:<\/strong><br>Evangelische Elterninitiative Rubensstra\u00dfe e.V.<br>Rubensstra\u00dfe 12a<br>42329 Wuppertal<\/p>\n\n\n\n<p><strong>E-Mail:<\/strong><br><a href=\"mailto:info@kita-rubensstrasse.de\">info@kita-rubensstrasse.de<\/a><\/p>\n\n\n\n<p><strong>Telefon:<\/strong><br><a href=\"tel: +4920297443211\">0202\/ 97 44 32 11<\/a><\/p>\n\n\n\n<p><strong>Leitung:<\/strong><br>Frau Scharpenack<\/p>\n\n\n\n<p><strong>Erste Vorsitzende: <\/strong><br>Manuela Paxhia -Giunta<\/p>\n\n\n\n<p><strong>Pfarrerin:<\/strong><br>Frau D\u00e4hnick (E-Mail: <a href=\"mailto:bettina.daehnick@ekir.de\">bettina.daehnick@ekir.de<\/a>, Tel. 0202\/78 67 413)<\/p>\n\n\n\n<p><strong>Betreuungsangebote f\u00fcr Kinder im Alter von 2-6 Jahren:<\/strong><\/p>\n\n\n\n<p>\u00d6ffnungszeiten <br>f\u00fcr 46 Blockkinder (35 Stunden ) = Mo. &#8211; Fr. 07:30 &#8211; 14:30 Uhr<br>f\u00fcr 15 Tageskinder (45 Stunden ) = Mo. &#8211; Fr. 07:15 &#8211; 16:15 Uhr<br><br><strong>Anmeldezeit und Besichtigung der Einrichtung:<\/strong><br>t\u00e4glich von 14:30 bis 15:30 Uhr oder nach vorheriger Absprache<\/p>\n\n\n\n<p class=\"has-medium-font-size\"><strong>Kooperation Logop\u00e4die<\/strong><\/p>\n\n\n\n<figure class=\"wp-block-image size-full\"><img decoding=\"async\" loading=\"lazy\" width=\"239\" height=\"87\" src=\"https:\/\/kita-rubensstrasse.de\/wp-content\/uploads\/2025\/06\/grafik-1.png\" alt=\"\" class=\"wp-image-725\"\/><\/figure>\n\n\n\n<p>Einmal in der Woche kommt die Logop\u00e4dische Praxis Julia Stein zu uns in die Einrichtung. Hier werden die KInder vor Ort mit Sprachst\u00f6rung\/ Defizite therapert.<\/p>\n","protected":false},"excerpt":{"rendered":"<p>Tr\u00e4ger der Einrichtung:Evangelische Elterninitiative Rubensstra\u00dfe e.V.Rubensstra\u00dfe 12a42329 Wuppertal E-Mail:info@kita-rubensstrasse.de Telefon:0202\/ 97 44 32 11 Leitung:Frau Scharpenack Erste Vorsitzende: Manuela Paxhia &hellip; <\/p>\n","protected":false},"author":1,"featured_media":0,"parent":0,"menu_order":0,"comment_status":"closed","ping_status":"closed","template":"","meta":[],"_links":{"self":[{"href":"https:\/\/kita-rubensstrasse.de\/index.php?rest_route=\/wp\/v2\/pages\/20"}],"collection":[{"href":"https:\/\/kita-rubensstrasse.de\/index.php?rest_route=\/wp\/v2\/pages"}],"about":[{"href":"https:\/\/kita-rubensstrasse.de\/index.php?rest_route=\/wp\/v2\/types\/page"}],"author":[{"embeddable":true,"href":"https:\/\/kita-rubensstrasse.de\/index.php?rest_route=\/wp\/v2\/users\/1"}],"replies":[{"embeddable":true,"href":"https:\/\/kita-rubensstrasse.de\/index.php?rest_route=%2Fwp%2Fv2%2Fcomments&post=20"}],"version-history":[{"count":15,"href":"https:\/\/kita-rubensstrasse.de\/index.php?rest_route=\/wp\/v2\/pages\/20\/revisions"}],"predecessor-version":[{"id":751,"href":"https:\/\/kita-rubensstrasse.de\/index.php?rest_route=\/wp\/v2\/pages\/20\/revisions\/751"}],"wp:attachment":[{"href":"https:\/\/kita-rubensstrasse.de\/index.php?rest_route=%2Fwp%2Fv2%2Fmedia&parent=20"}],"curies":[{"name":"wp","href":"https:\/\/api.w.org\/{rel}","templated":true}]}}