{"id":17,"date":"2020-08-17T15:10:12","date_gmt":"2020-08-17T15:10:12","guid":{"rendered":"https:\/\/kita-rubensstrasse.de\/?page_id=17"},"modified":"2020-08-21T18:18:13","modified_gmt":"2020-08-21T18:18:13","slug":"elterninitiative","status":"publish","type":"page","link":"https:\/\/kita-rubensstrasse.de\/?page_id=17","title":{"rendered":"\u00dcber uns"},"content":{"rendered":"\n<h2>Begr\u00fc\u00dfungsworte<\/h2>\n\n\n\n<p>Sie haben uns Ihr Kind anvertraut. Wir wollen, dass es sich bei uns wohl f\u00fchlt. Jedes Kind soll die M\u00f6glichkeit haben, sich individuell zu entwickeln. Wir arbeiten mit den Eltern zusammen. Ein partnerschaftliches Miteinander durch Austausch und gemeinsame Beratung ist dabei Voraussetzung. Ziel des Kindergartens ist es, Kindern die M\u00f6glichkeit zu geben, bewusst unterschiedliche Situationen und Verhaltensweisen erleben zu lassen. Sie haben die Chance, darauf individuell zu reagieren. Wir f\u00f6rdern Verst\u00e4ndnis und Toleranz gegen\u00fcber anderen Kulturen und Weltanschauungen.<br>\u201eBewegung bedeutet f\u00fcr Kinder einen wesentlichen Zugang zur Welt. Mit dem Erwerb vielseitiger Erfahrungen, durch Bewegung, wird eine Erweiterung kindlicher Handlungsf\u00e4higkeit erreicht. Das Kind setzt die Bewegungsaktivit\u00e4t ein, um zu einem Wissen \u00fcber seine Umwelt zu gelangen, ein Wissen, das auf der eigenen selbstst\u00e4ndig gewonnenen Erfahrung basiert.\u201c (&#8222;Handbuch der Bewegungserziehung&#8220;, Renate Zimmer Herder Verlag)<\/p>\n\n\n\n<figure class=\"wp-block-image size-large\"><img decoding=\"async\" loading=\"lazy\" width=\"1024\" height=\"768\" src=\"https:\/\/kita-rubensstrasse.de\/wp-content\/uploads\/2020\/08\/Konzeption-2020-Begruessungsworte01-1024x768.jpg\" alt=\"\" class=\"wp-image-78\" srcset=\"https:\/\/kita-rubensstrasse.de\/wp-content\/uploads\/2020\/08\/Konzeption-2020-Begruessungsworte01-1024x768.jpg 1024w, https:\/\/kita-rubensstrasse.de\/wp-content\/uploads\/2020\/08\/Konzeption-2020-Begruessungsworte01-300x225.jpg 300w, https:\/\/kita-rubensstrasse.de\/wp-content\/uploads\/2020\/08\/Konzeption-2020-Begruessungsworte01-768x576.jpg 768w, https:\/\/kita-rubensstrasse.de\/wp-content\/uploads\/2020\/08\/Konzeption-2020-Begruessungsworte01-1536x1152.jpg 1536w, https:\/\/kita-rubensstrasse.de\/wp-content\/uploads\/2020\/08\/Konzeption-2020-Begruessungsworte01-2048x1536.jpg 2048w\" sizes=\"(max-width: 1024px) 100vw, 1024px\" \/><\/figure>\n\n\n\n<h2>Unsere Kita stellt sich vor<\/h2>\n\n\n\n<p>Unsere evangelische Tageseinrichtung f\u00fcr Kinder befindet sich im Wuppertaler Westen \u2013 in der Mitte von Vohwinkel \u2013 schr\u00e4g gegen\u00fcber der evangelischen Kirche.<\/p>\n\n\n\n<figure class=\"wp-block-image size-large is-style-default\"><img decoding=\"async\" loading=\"lazy\" width=\"1024\" height=\"768\" src=\"https:\/\/kita-rubensstrasse.de\/wp-content\/uploads\/2020\/08\/Konzeption-2020-Unsere-Kita-stellt-sich-vor01-1024x768.jpg\" alt=\"\" class=\"wp-image-94\" srcset=\"https:\/\/kita-rubensstrasse.de\/wp-content\/uploads\/2020\/08\/Konzeption-2020-Unsere-Kita-stellt-sich-vor01-1024x768.jpg 1024w, https:\/\/kita-rubensstrasse.de\/wp-content\/uploads\/2020\/08\/Konzeption-2020-Unsere-Kita-stellt-sich-vor01-300x225.jpg 300w, https:\/\/kita-rubensstrasse.de\/wp-content\/uploads\/2020\/08\/Konzeption-2020-Unsere-Kita-stellt-sich-vor01-768x576.jpg 768w, https:\/\/kita-rubensstrasse.de\/wp-content\/uploads\/2020\/08\/Konzeption-2020-Unsere-Kita-stellt-sich-vor01-1536x1152.jpg 1536w, https:\/\/kita-rubensstrasse.de\/wp-content\/uploads\/2020\/08\/Konzeption-2020-Unsere-Kita-stellt-sich-vor01-2048x1536.jpg 2048w\" sizes=\"(max-width: 1024px) 100vw, 1024px\" \/><figcaption>Vorderansicht Kindergartengeb\u00e4ude<\/figcaption><\/figure>\n\n\n\n<p>Unser Einzugsgebiet erstreckt sich \u00fcber die Rubensstra\u00dfe, obere Kaiserstra\u00dfe, Bremkamp bis hin zum Vohwinkeler Feld. Der Kindergarten befindet sich an einer viel befahrenen Nebenstra\u00dfe, wobei der Kindergartenhof aber ruhig gelegen und begr\u00fcnt ist mit Blumen, B\u00fcschen, B\u00e4umen und einer Wiese. Eine gro\u00dfe Hauptstra\u00dfe ist in der N\u00e4he des Kindergartens. Hier liegen verschiedene Gesch\u00e4fte wie Lebensmittelgesch\u00e4fte, B\u00e4cker, Blumenh\u00e4ndler, Metzger, Obst- und Gem\u00fcseh\u00e4ndler, Apotheken, Bekleidungsgesch\u00e4fte sowie ein Wochenmarkt, den die Kinder gerne hin und wieder in Begleitung einer Erzieherin besuchen.<\/p>\n","protected":false},"excerpt":{"rendered":"<p>Begr\u00fc\u00dfungsworte Sie haben uns Ihr Kind anvertraut. Wir wollen, dass es sich bei uns wohl f\u00fchlt. Jedes Kind soll die &hellip; <\/p>\n","protected":false},"author":1,"featured_media":0,"parent":0,"menu_order":0,"comment_status":"closed","ping_status":"closed","template":"","meta":[],"_links":{"self":[{"href":"https:\/\/kita-rubensstrasse.de\/index.php?rest_route=\/wp\/v2\/pages\/17"}],"collection":[{"href":"https:\/\/kita-rubensstrasse.de\/index.php?rest_route=\/wp\/v2\/pages"}],"about":[{"href":"https:\/\/kita-rubensstrasse.de\/index.php?rest_route=\/wp\/v2\/types\/page"}],"author":[{"embeddable":true,"href":"https:\/\/kita-rubensstrasse.de\/index.php?rest_route=\/wp\/v2\/users\/1"}],"replies":[{"embeddable":true,"href":"https:\/\/kita-rubensstrasse.de\/index.php?rest_route=%2Fwp%2Fv2%2Fcomments&post=17"}],"version-history":[{"count":28,"href":"https:\/\/kita-rubensstrasse.de\/index.php?rest_route=\/wp\/v2\/pages\/17\/revisions"}],"predecessor-version":[{"id":137,"href":"https:\/\/kita-rubensstrasse.de\/index.php?rest_route=\/wp\/v2\/pages\/17\/revisions\/137"}],"wp:attachment":[{"href":"https:\/\/kita-rubensstrasse.de\/index.php?rest_route=%2Fwp%2Fv2%2Fmedia&parent=17"}],"curies":[{"name":"wp","href":"https:\/\/api.w.org\/{rel}","templated":true}]}}

Über uns

<h2>Begrüßungsworte</h2>



<p>Sie haben uns Ihr Kind anvertraut. Wir wollen, dass es sich bei uns wohl fühlt. Jedes Kind soll die Möglichkeit haben, sich individuell zu entwickeln. Wir arbeiten mit den Eltern zusammen. Ein partnerschaftliches Miteinander durch Austausch und gemeinsame Beratung ist dabei Voraussetzung. Ziel des Kindergartens ist es, Kindern die Möglichkeit zu geben, bewusst unterschiedliche Situationen und Verhaltensweisen erleben zu lassen. Sie haben die Chance, darauf individuell zu reagieren. Wir fördern Verständnis und Toleranz gegenüber anderen Kulturen und Weltanschauungen.<br>„Bewegung bedeutet für Kinder einen wesentlichen Zugang zur Welt. Mit dem Erwerb vielseitiger Erfahrungen, durch Bewegung, wird eine Erweiterung kindlicher Handlungsfähigkeit erreicht. Das Kind setzt die Bewegungsaktivität ein, um zu einem Wissen über seine Umwelt zu gelangen, ein Wissen, das auf der eigenen selbstständig gewonnenen Erfahrung basiert.“ (&#8222;Handbuch der Bewegungserziehung&#8220;, Renate Zimmer Herder Verlag)</p>



<figure class="wp-block-image size-large"><img decoding="async" loading="lazy" width="1024" height="768" src="https://kita-rubensstrasse.de/wp-content/uploads/2020/08/Konzeption-2020-Begruessungsworte01-1024x768.jpg" alt="" class="wp-image-78" srcset="https://kita-rubensstrasse.de/wp-content/uploads/2020/08/Konzeption-2020-Begruessungsworte01-1024x768.jpg 1024w, https://kita-rubensstrasse.de/wp-content/uploads/2020/08/Konzeption-2020-Begruessungsworte01-300x225.jpg 300w, https://kita-rubensstrasse.de/wp-content/uploads/2020/08/Konzeption-2020-Begruessungsworte01-768x576.jpg 768w, https://kita-rubensstrasse.de/wp-content/uploads/2020/08/Konzeption-2020-Begruessungsworte01-1536x1152.jpg 1536w, https://kita-rubensstrasse.de/wp-content/uploads/2020/08/Konzeption-2020-Begruessungsworte01-2048x1536.jpg 2048w" sizes="(max-width: 1024px) 100vw, 1024px" /></figure>



<h2>Unsere Kita stellt sich vor</h2>



<p>Unsere evangelische Tageseinrichtung für Kinder befindet sich im Wuppertaler Westen – in der Mitte von Vohwinkel – schräg gegenüber der evangelischen Kirche.</p>



<figure class="wp-block-image size-large is-style-default"><img decoding="async" loading="lazy" width="1024" height="768" src="https://kita-rubensstrasse.de/wp-content/uploads/2020/08/Konzeption-2020-Unsere-Kita-stellt-sich-vor01-1024x768.jpg" alt="" class="wp-image-94" srcset="https://kita-rubensstrasse.de/wp-content/uploads/2020/08/Konzeption-2020-Unsere-Kita-stellt-sich-vor01-1024x768.jpg 1024w, https://kita-rubensstrasse.de/wp-content/uploads/2020/08/Konzeption-2020-Unsere-Kita-stellt-sich-vor01-300x225.jpg 300w, https://kita-rubensstrasse.de/wp-content/uploads/2020/08/Konzeption-2020-Unsere-Kita-stellt-sich-vor01-768x576.jpg 768w, https://kita-rubensstrasse.de/wp-content/uploads/2020/08/Konzeption-2020-Unsere-Kita-stellt-sich-vor01-1536x1152.jpg 1536w, https://kita-rubensstrasse.de/wp-content/uploads/2020/08/Konzeption-2020-Unsere-Kita-stellt-sich-vor01-2048x1536.jpg 2048w" sizes="(max-width: 1024px) 100vw, 1024px" /><figcaption>Vorderansicht Kindergartengebäude</figcaption></figure>



<p>Unser Einzugsgebiet erstreckt sich über die Rubensstraße, obere Kaiserstraße, Bremkamp bis hin zum Vohwinkeler Feld. Der Kindergarten befindet sich an einer viel befahrenen Nebenstraße, wobei der Kindergartenhof aber ruhig gelegen und begrünt ist mit Blumen, Büschen, Bäumen und einer Wiese. Eine große Hauptstraße ist in der Nähe des Kindergartens. Hier liegen verschiedene Geschäfte wie Lebensmittelgeschäfte, Bäcker, Blumenhändler, Metzger, Obst- und Gemüsehändler, Apotheken, Bekleidungsgeschäfte sowie ein Wochenmarkt, den die Kinder gerne hin und wieder in Begleitung einer Erzieherin besuchen.</p>

<p>Begrüßungsworte Sie haben uns Ihr Kind anvertraut. Wir wollen, dass es sich bei uns wohl fühlt. Jedes Kind soll die &hellip; </p>
